greatest common factor of s and 8.
8
Suppose 5*w = -2*v + 116, 8*w - 216 = -3*v + 11*w. What is the greatest common divisor of v and 442?
34
Suppose 0 = 4*g - 2 - 110. Suppose 0 = -4*s + 11 + 5. Let b be ((-7)/(-2))/(2/s). What is the highest common factor of g and b?
7
Let v = -531 + 538. Calculate the greatest common factor of 791 and v.
7
Let w = 10 - 4. Suppose -2*x = x - w. Let s(h) = 4*h**2 - 4*h + 2. Let m be s(x). Calculate the highest common divisor of 15 and m.
5
Suppose -36 - 12 = -3*z. Suppose -14*f = -242 + 18. Calculate the highest common factor of z and f.
16
Let p = -72 - -73. Suppose 3*z = w - 25, w + 5*z + 14 = -p. Suppose -2*a = 3*a - 450. Calculate the highest common divisor of a and w.
10
Let z = -24 - -29. Suppose -z = -3*w + 4. Suppose w*a = -4*f + 267, -2*a - a = -3*f + 174. Calculate the greatest common factor of f and 7.
7
Let h(z) = -2*z**3 + 12*z + 3. Let n be h(0). What is the highest common divisor of n and 43?
1
Let x be (0 - -4)/((-2)/(-76)). Calculate the highest common factor of 8 and x.
8
Suppose -107 = -w + 135. Suppose -5*r + 22 = -4*r + 2*o, 3*o = 0. Calculate the highest common factor of r and w.
22
Let f be (3 + -4)/((-1)/54). Let c = -42 + f. Calculate the greatest common factor of c and 84.
12
Let h = 143 - 27. What is the highest common divisor of h and 522?
58
Let n be ((-24)/10)/(6/(-20)). What is the greatest common factor of 64 and n?
8
Let t = -16 + 26. Let h = t - 9. Let u be h + 3/6*10. Calculate the highest common factor of 54 and u.
6
Let b = -100 - -121. Calculate the highest common divisor of b and 49.
7
Let q(z) = -z**3 - 6*z**2 - 13*z - 6. Let w be q(-3). Calculate the greatest common divisor of w and 354.
6
Let p be (4/6)/((-124)/(-6138)). What is the greatest common divisor of p and 3?
3
Suppose -2*v + 78 = 3*i, 6*v = 7*v - i - 29. What is the greatest common factor of v and 1023?
33
Suppose 363 = -24*c + 939. Calculate the greatest common factor of 84 and c.
12
Let z(v) = -v**2 - 22*v + 5. Let r = -15 - -3. Let g be 3/1 + r + -2. Let k be z(g). What is the highest common factor of k and 18?
18
Suppose 6*j + 24 = 10*j. Suppose -j*g = -457 - 1265. Calculate the highest common factor of 41 and g.
41
Let l be ((6 + -5)*-1)/(-1). Let z(s) = -s**2 - 3*s + 7. Let i be z(-4). What is the greatest common divisor of i and l?
1
Let i(f) = -11*f + 7. Let r be i(2). Let q = -14 - r. What is the highest common factor of q and 9?
1
Let x(n) = -n + 3. Suppose 78 = -5*y + 43. Let t be x(y). What is the highest common divisor of t and 10?
10
Let k(z) = z**2 + 3*z - 4. Let a be k(2). Let n(q) = 3*q**2 + 9*q. Let w be n(-5). Calculate the greatest common divisor of a and w.
6
Let p(t) = 8*t + 1. Let j(o) = -23*o - 4. Let a(f) = 2*j(f) + 7*p(f). Let b be a(4). Calculate the highest common divisor of b and 13.
13
Let y(p) = 162*p**2 + 5*p + 12. Let t be y(-2). Calculate the greatest common divisor of 50 and t.
50
Let x be 102/(-4) - (-4)/(-2 + 10). Let w = 28 + x. Calculate the greatest common factor of 9 and w.
3
Suppose 10*c - 9821 = -13*c. What is the greatest common divisor of c and 61?
61
Let i be 46 - (7/7 - 0). What is the greatest common factor of 45 and i?
45
Let z(c) be the third derivative of -c**5/60 + 2*c**4/3 - 3*c**2. Suppose -7*x + 48 + 43 = 0. Let t be z(x). What is the greatest common divisor of t and 13?
13
Suppose 2*a - 3 = 1. Let g(f) = f + 13*f**a - 4*f + 4*f + 20*f**2. Let z be g(-1). What is the highest common factor of 48 and z?
16
Let s = -313 - -556. Let t be 4/(-2) + s + 1. Let u(k) = -k**3 - 5*k**2 + 4*k + 10. Let r be u(-6). What is the greatest common factor of r and t?
22
Let a be (-1 - -5) + -1 + 3. Suppose -2*v - 17 = -5*y - 0*v, y - a = 3*v. Calculate the greatest common divisor of 24 and y.
3
Suppose 0 = -9*u + 5 + 13. Suppose 0 = 2*d - 6, -u*a = -4*a - 5*d + 63. Let b be 26*(-3)/(-6) + 3. Calculate the greatest common divisor of b and a.
8
Let t be (-160)/(-96)*(-9)/(-1). Calculate the highest common factor of t and 95.
5
Suppose 21 - 121 = -4*k. Let m = k - -3. Let u = 20 - 6. Calculate the highest common divisor of u and m.
14
Let h be -8 + (-9)/(54/(-102)). Suppose 32 = -4*o + 320. Calculate the highest common divisor of h and o.
9
Let f(l) = -l**2 + 14*l + 11. Let q be f(13). Let n = -12 - -20. Let m = n + 8. Calculate the highest common factor of m and q.
8
Let i(s) = s**3 + 2*s**2 - s + 15. Suppose -5*u = -u - 0*u. Let y be i(u). Calculate the highest common factor of y and 10.
5
Let y(a) = 6*a - 30. Let v be y(19). What is the highest common divisor of 126 and v?
42
Let b be (-4)/10*(-12 + 2). Suppose 14*c - 17*c + 129 = -3*f, 5*c + 5*f - 225 = 0. What is the highest common factor of c and b?
4
Let h be (-20)/(-25) - (-602)/35. What is the greatest common divisor of 45 and h?
9
Let b be -66*(-3)/6 - -3. Suppose -b = -2*m + 4*m. Let o = m - -34. What is the highest common divisor of o and 64?
16
Suppose 7*u = 1481 + 1578. Calculate the greatest common factor of 19 and u.
19
Let m be (-163)/(-5) + 6/15. Let d be -2 + (-72)/(-2)*4. Suppose -4*p - 54 = -d. Calculate the highest common factor of m and p.
11
Suppose 0 = -3*y + r + 168, 0*r - 2*r + 280 = 5*y. Let w be 3/(-5) - y/(-10). What is the highest common divisor of w and 5?
5
Suppose 0 = 9*w - 6*w + 3*q - 114, -10 = 5*q. Calculate the highest common divisor of w and 160.
40
Let g(f) = 1. Let w(i) = -i - 27. Let y(d) = -4*g(d) - w(d). Let j be y(0). Let q be 2/4 - 182/(-4). Calculate the greatest common factor of q and j.
23
Suppose 0*r = 5*r. Suppose r = w + 4 - 9. What is the highest common factor of w and 10?
5
Let q(r) = 4*r + 2 + r**2 - 8*r + 0 - 4*r. Let t be q(8). Calculate the highest common divisor of t and 2.
2
Let n(r) = r**2 + 7*r. Let d be n(5). Calculate the greatest common factor of d and 1140.
60
Suppose 0 = -93*w + 103*w - 60. Let x = 355 + -253. Calculate the greatest common factor of w and x.
6
Let j(i) = -5*i - 105. Let a be j(-25). Calculate the greatest common factor of a and 260.
20
Suppose -5*w - 3*q + 155 = 0, -w + 3*q = 3*w - 151. What is the highest common divisor of 17 and w?
17
Suppose -160 = -215*c + 207*c. Calculate the greatest common factor of c and 750.
10
Suppose 330*s = 366*s - 7776. What is the greatest common divisor of 90 and s?
18
Let p(f) = -4*f + 16. Let x be p(-16). Let b = x + -74. What is the greatest common divisor of b and 8?
2
Let k be (-3 - 3 - -3) + 47. Let u = -9 + k. Let j be (-2)/7 + 465/u. What is the highest common divisor of 117 and j?
13
Let k(h) = 2*h - 5. Let p(m) = -m**2 - 7*m - 4. Let y be p(-5). Let x be k(y). What is the highest common factor of x and 49?
7
Let b be 11 + 53 + (2 + 0 - 6). Calculate the greatest common divisor of 12 and b.
12
Let i be -11*6/4*4/6. Let f be (-2)/i - 375/(-55). Calculate the greatest common divisor of f and 1.
1
Let o = -166 - -179. Calculate the greatest common divisor of o and 221.
13
Let g(i) = i**2 + 32*i + 114. Let m be g(-30). Let o = 98 - -118. Calculate the highest common factor of o and m.
54
Suppose 2*f - f = 99. Suppose -f = -h - 35. Suppose 3*t - h = 8. What is the greatest common divisor of t and 8?
8
Suppose 11 - 67 = -c. Suppose -20 - 20 = -3*o + 4*y, 0 = -o - 5*y - 12. What is the highest common divisor of c and o?
8
Suppose 5*l + 0*j - 120 = 2*j, -4*j + 72 = 3*l. Let f(x) = 19*x - 364. Let d be f(28). What is the greatest common factor of d and l?
24
Let i(f) = f**3 - 31*f**2 + 44*f - 84. Let y be i(31). Calculate the greatest common divisor of 40 and y.
40
Let a = 1716 - 162. What is the greatest common divisor of a and 42?
42
Suppose -5*j = -5*x + 50, -x - 3*j + 54 = 3*x. Calculate the greatest common divisor of 108 and x.
12
Let i be (12/(-8))/((-3)/(-8)). Let a = 1 - i. Suppose -4*o + 35 = -o - a*u, u - 19 = -2*o. Calculate the highest common divisor of 50 and o.
10
Let a = -137 + 203. Let l(v) = 2*v + 4 - 2*v**3 + 0 - 8. Let d be l(-3). What is the greatest common factor of d and a?
22
Let v = 147 + -140. Let f(i) = 10*i**2 - 4*i - 1. Let u be f(3). What is the greatest common divisor of u and v?
7
Let a = -391 - -481. Calculate the greatest common divisor of 10 and a.
10
Suppose 0*f + 394 = 2*f - n, -f + 190 = -4*n. Let k = 24 - 6. Calculate the highest common divisor of f and k.
18
Suppose -5*